{"id":71,"date":"2014-01-23T21:34:32","date_gmt":"2014-01-23T21:34:32","guid":{"rendered":"http:\/\/tk-ebersdorf.at\/?page_id=71"},"modified":"2015-04-28T16:11:04","modified_gmt":"2015-04-28T16:11:04","slug":"erfolge","status":"publish","type":"page","link":"https:\/\/tk-ebersdorf.at\/?page_id=71","title":{"rendered":"Erfolge"},"content":{"rendered":"<h3>Hier k\u00f6nnen Sie einen \u00dcberblick \u00fcber j\u00fcngste Erfolge unserer Musiker sehen<\/h3>\n<p>&nbsp;<\/p>\n<h1><strong><em>2015<\/em><\/strong><\/h1>\n<p><strong>&#8211; Sebastian Kr\u00f6pfl<\/strong> (spielt noch nicht in der TK)<br \/>\nJMLA auf der Trompete mit gutem Erfolg<\/p>\n<p>&nbsp;<\/p>\n<h1><strong><em>2014<\/em><\/strong><\/h1>\n<p><span style=\"color: #ff0000;\"><strong>&#8211; Andrea H\u00f6rzer<\/strong><\/span><br \/>\n<span style=\"color: #ff0000;\"> <em>\u00a0\u00a0 JMLA in <strong>GOLD<\/strong> auf der Klarnette mit AUSGEZEICHNETEM ERFOLG<\/em><\/span><\/p>\n<p><strong>&#8211; Sebastian Kr\u00f6pfl<\/strong> (spielt noch nicht in der TK)<br \/>\nJunior-Leistungsabzeichen auf der Trompete mit ausgezeichnetem Erfolg<\/p>\n<p><strong>&#8211; Martin Ernst<\/strong><br \/>\nJMLA in Bronze auf der Trompte mit sehr gutem Erfolg<\/p>\n<p><strong>&#8211; Ing. Anton Schwetz<\/strong><br \/>\nMLA in Silber auf der Tube mit ausgezeichnetem Erfolg<\/p>\n<p><strong>&#8211; Alfred Goger<\/strong>\u00a0\u00a0\u00a0\u00a0\u00a0\u00a0\u00a0\u00a0\u00a0\u00a0\u00a0\u00a0\u00a0\u00a0\u00a0\u00a0\u00a0\u00a0\u00a0\u00a0\u00a0\u00a0\u00a0\u00a0\u00a0\u00a0\u00a0\u00a0\u00a0\u00a0\u00a0\u00a0\u00a0\u00a0\u00a0\u00a0\u00a0\u00a0\u00a0\u00a0\u00a0\u00a0\u00a0\u00a0\u00a0\u00a0\u00a0\u00a0\u00a0\u00a0\u00a0\u00a0\u00a0\u00a0\u00a0\u00a0\u00a0\u00a0\u00a0\u00a0\u00a0\u00a0\u00a0\u00a0\u00a0\u00a0\u00a0\u00a0\u00a0\u00a0\u00a0\u00a0\u00a0\u00a0\u00a0\u00a0\u00a0\u00a0\u00a0\u00a0\u00a0\u00a0\u00a0\u00a0\u00a0\u00a0\u00a0\u00a0\u00a0\u00a0\u00a0\u00a0\u00a0\u00a0\u00a0\u00a0\u00a0\u00a0\u00a0\u00a0\u00a0\u00a0\u00a0\u00a0\u00a0\u00a0\u00a0\u00a0\u00a0\u00a0\u00a0\u00a0\u00a0\u00a0\u00a0\u00a0\u00a0\u00a0\u00a0\u00a0\u00a0\u00a0\u00a0\u00a0\u00a0\u00a0\u00a0\u00a0\u00a0\u00a0\u00a0\u00a0\u00a0 \u00a0 \u00a0 \u00a0 \u00a0 \u00a0 \u00a0 \u00a0 MLA in Silber auf dem Tenorhorn mit ausgezeichnetem Erfolg<\/p>\n<p>&nbsp;<\/p>\n<h2>herzliche Gratulation!!!!!<\/h2>\n<p>&nbsp;<\/p>\n<p>&nbsp;<\/p>\n","protected":false},"excerpt":{"rendered":"<p>Hier k\u00f6nnen Sie einen \u00dcberblick \u00fcber j\u00fcngste Erfolge unserer Musiker sehen &nbsp; 2015 &#8211; Sebastian Kr\u00f6pfl (spielt noch nicht in der TK) JMLA auf der Trompete mit gutem Erfolg &nbsp; 2014 &#8211; Andrea H\u00f6rzer \u00a0\u00a0 JMLA in GOLD auf der &hellip; <a href=\"https:\/\/tk-ebersdorf.at\/?page_id=71\">Weiterlesen <span class=\"meta-nav\">&rarr;<\/span><\/a><\/p>\n","protected":false},"author":1,"featured_media":0,"parent":68,"menu_order":0,"comment_status":"closed","ping_status":"open","template":"onecolumn-page.php","meta":{"footnotes":""},"class_list":["post-71","page","type-page","status-publish","hentry"],"_links":{"self":[{"href":"https:\/\/tk-ebersdorf.at\/index.php?rest_route=\/wp\/v2\/pages\/71","targetHints":{"allow":["GET"]}}],"collection":[{"href":"https:\/\/tk-ebersdorf.at\/index.php?rest_route=\/wp\/v2\/pages"}],"about":[{"href":"https:\/\/tk-ebersdorf.at\/index.php?rest_route=\/wp\/v2\/types\/page"}],"author":[{"embeddable":true,"href":"https:\/\/tk-ebersdorf.at\/index.php?rest_route=\/wp\/v2\/users\/1"}],"replies":[{"embeddable":true,"href":"https:\/\/tk-ebersdorf.at\/index.php?rest_route=%2Fwp%2Fv2%2Fcomments&post=71"}],"version-history":[{"count":14,"href":"https:\/\/tk-ebersdorf.at\/index.php?rest_route=\/wp\/v2\/pages\/71\/revisions"}],"predecessor-version":[{"id":1963,"href":"https:\/\/tk-ebersdorf.at\/index.php?rest_route=\/wp\/v2\/pages\/71\/revisions\/1963"}],"up":[{"embeddable":true,"href":"https:\/\/tk-ebersdorf.at\/index.php?rest_route=\/wp\/v2\/pages\/68"}],"wp:attachment":[{"href":"https:\/\/tk-ebersdorf.at\/index.php?rest_route=%2Fwp%2Fv2%2Fmedia&parent=71"}],"curies":[{"name":"wp","href":"https:\/\/api.w.org\/{rel}","templated":true}]}}